 of 9 and b.
9
Let y(o) = -o + 6. Let n be y(4). Suppose -5*m = -3*x + n*x + 69, 257 = 4*x - m. Let c = 3 - -5. Calculate the greatest common factor of x and c.
8
Suppose n - 8 = -d, 0 = -4*n - 4*d - d + 30. Suppose 0 = 5*r + n, 2*r + 0*r - 44 = 4*w. Let f = w - -22. Calculate the greatest common factor of 10 and f.
10
Let v = -3 - -8. Let t = 60 + 11. Let j = t - 46. Calculate the greatest common divisor of v and j.
5
Suppose -z + 0*z = -60. Calculate the highest common factor of z and 150.
30
Let m be ((-144)/8)/((-6)/8). Let j be 3/(-6) + (-7)/(-2). Suppose j*k = m - 6. Calculate the highest common divisor of k and 4.
2
Suppose 4*j - 50 = -2*x, 6 = 4*x + 3*j - 79. Calculate the highest common divisor of x and 133.
19
Let f(w) = 9*w - 1. Let h be f(1). Let c be ((-12)/14)/(5/35). Let n be c/h - (-47)/4. What is the highest common factor of 11 and n?
11
Let h(r) = -r**3 - 11*r**2 - 15*r - 24. Let v be h(-10). What is the highest common divisor of 13 and v?
13
Suppose -m + 1 = -4, 5*y = 2*m + 90. Calculate the greatest common divisor of y and 4.
4
Let a(p) = 5*p**2 + 6. Let t be a(-3). What is the greatest common factor of 34 and t?
17
Suppose 6*j - 2*j = 144. Calculate the highest common divisor of j and 4.
4
Let m = 1 - -6. Let n(w) = 2*w**2 + 10*w + 3. Let f be n(-11). Let x = -72 + f. What is the greatest common factor of m and x?
7
Let t(k) = k**3 + 12*k**2 - 14*k - 6. Let o be t(-13). What is the greatest common factor of 91 and o?
7
Let d(n) = -n - 1. Let b(f) = f + 9. Let v(w) = -b(w) - 6*d(w). Let q be v(7). Calculate the greatest common divisor of 80 and q.
16
Suppose -r = -2*y - 18, -r = -0*r + 4*y. What is the highest common factor of 96 and r?
12
Let a(g) = 45*g**3 - 5*g**2 + 5*g - 5. Let m be a(2). What is the greatest common factor of 69 and m?
69
Let g(j) be the first derivative of j**4/4 - 5*j**3/3 - 3*j**2/2 - 4. Let r be g(6). What is the highest common factor of r and 2?
2
Suppose 0*w = w + p + 1, -2*p = 8. Suppose o + 3*t - 397 = -4*o, 2*t - 238 = -3*o. Suppose -w*q - q = -o. What is the highest common divisor of 30 and q?
10
Let c(s) = -s**2 - 13*s - 7. Let a be c(-6). Calculate the greatest common factor of 315 and a.
35
Suppose -j + 66 = -2*j. Let k = 146 + j. Suppose 4*a - 2*a - 20 = 0. Calculate the greatest common factor of a and k.
10
Suppose -2*x + 56 = x - 5*g, g = -5*x + 112. What is the greatest common factor of 33 and x?
11
Let u(j) = j**3 - 4*j**2 + 5*j - 2. Let f be u(3). Suppose 4*c + 0*p - 32 = 2*p, -5*c + 66 = f*p. What is the greatest common divisor of 15 and c?
5
Let w = 27 - 32. Let f(n) = 3*n - 4*n - n - 3. Let c be f(w). What is the greatest common factor of c and 21?
7
Suppose 3*l - 8*l = -10. Let t(g) = -9*g - 59. Let r be t(-7). What is the highest common factor of r and l?
2
Suppose -4*g + 5*v = 3*v - 70, -40 = -3*g - v. Let y = 10 - 5. What is the greatest common factor of y and g?
5
Let l be ((-52)/(-6))/((-8)/(-12)). Calculate the greatest common divisor of 117 and l.
13
Let j(k) = 2*k**2 + 10*k + 7. Let i be j(-8). Calculate the greatest common factor of 22 and i.
11
Let t = 19 + -13. Let u = 63 + -36. Suppose -d = -4*d + u. Calculate the greatest common divisor of t and d.
3
Let d(i) = i**2 - 1. Let p be d(-6). Let z = 3 + p. Suppose 0 = -w + 5, 4*o = 7*o + w - z. Calculate the greatest common factor of o and 1.
1
Let q(c) = -c - 4. Let k be q(-6). Suppose 3*o + 12 = -o, -k*o + 18 = g. Calculate the highest common factor of 12 and g.
12
Suppose -28 = -j - 3*j - 4*n, 0 = n - 4. Suppose -40 = 3*r + 5*s, -3*r + 6*s - s + 10 = 0. Let i = -2 - r. What is the highest common factor of j and i?
3
Let v(h) = 11*h**3 - 2*h**2 + h. Let j be (-14)/(-18) - (-6)/27. Let a be v(j). Suppose a = i - 10. What is the highest common factor of i and 100?
20
Let p be -1 + -1 + 1 + 9. Let z(r) = r - 6. Let n be z(10). Let v(t) = -t**3 + 5*t**2 - t. Let k be v(n). What is the highest common divisor of p and k?
4
Let m(w) = -7*w - 5. Suppose -13 = j + 4*j + 3*q, -q + 24 = -4*j. Let l be m(j). Let f = 21 + -6. What is the highest common factor of f and l?
15
Let u(z) = 14*z**3 - 2*z**2 + 1. Let q be u(1). Let p be (22/2)/((-266)/91 - -3). What is the highest common divisor of q and p?
13
Let u(z) = z**3 + 4*z**2 - 2*z - 3. Let i be u(-5). Let p be (-2)/(-9) - (-4)/i. Suppose p*a + 36 = 3*a. What is the greatest common divisor of a and 12?
12
Suppose -79 = -5*r - 4*a - 5, 0 = 4*r - 2*a - 54. Let v = 48 + -34. What is the greatest common divisor of v and r?
14
Suppose 2*d - 52 = 2. Calculate the highest common factor of d and 9.
9
Let y(n) = -n**2 + 11*n - 8. Let f be y(9). Let t(g) = -g**2 - 2*g - 1. Let x be t(-3). Let i = x + f. Calculate the highest common factor of 66 and i.
6
Suppose -2*v - 5*i = -7, 2*v - 3*i = -i. Calculate the highest common factor of v and 10.
1
Let a(m) = m - 6. Let n be a(5). Let s = n + 4. Suppose -4*k + s*l + 55 = 0, 0*k - 15 = -k + 2*l. What is the greatest common factor of 104 and k?
13
Let s(a) = a**3 - 6*a**2 + 2*a - 2. Let g be s(6). Let y be (-4)/g - 597/(-5). What is the highest common divisor of y and 17?
17
Let y(l) = -4*l**3 + l**2. Let c be y(-1). Let q = c + -5. Let x be 0 + 37 - (2 - q). Calculate the highest common factor of 7 and x.
7
Let b be 81/12 - (-3)/12. What is the highest common divisor of b and 14?
7
Suppose 2*o = -2, -209 + 14 = 3*l + 3*o. Let p be 11 + -13 - (32 + 0). Let z = p - l. Calculate the highest common factor of z and 15.
15
Suppose l - 20 = 9. Calculate the highest common factor of l and 116.
29
Let h be (-2)/5 - (-32)/5. Suppose 2*d - 67 = -2*r - 1, -5*r = 4*d - 162. What is the highest common divisor of r and h?
6
Suppose 0 = -3*y + 91 + 29. Let k = -64 - -80. Calculate the highest common factor of y and k.
8
Let q be 9/(-6)*(-8)/6. Let n be -16*(-9)/6 + -2. Calculate the highest common divisor of n and q.
2
Suppose 4*w + w = 330. Calculate the greatest common divisor of 33 and w.
33
Let p(c) = 5*c**2 - c - 10. Let q be p(3). What is the greatest common divisor of q and 4?
4
Suppose -5*b = -0 - 325. Let c(s) = 3*s - 2 + 4*s - 14*s. Let z be c(-4). Calculate the greatest common factor of b and z.
13
Let w = -62 - -81. Calculate the greatest common factor of 19 and w.
19
Suppose -3*q - 132 = -7*q. Calculate the greatest common factor of 33 and q.
33
Suppose -5*q + 17 = 3*o - 35, o - 2*q - 10 = 0. Calculate the highest common factor of 42 and o.
14
Let x be (0/2)/(0 + -1). Suppose 2*b - b + 12 = x. Let v be (-2)/(-8) - 285/b. Calculate the highest common factor of 6 and v.
6
Let f = 18 + 446. Let n be (-4)/14 - f/(-7). Calculate the greatest common divisor of n and 11.
11
Let d(x) = 22*x**3 + x**2 + 3*x - 6. Let h be d(2). What is the greatest common divisor of 20 and h?
20
Suppose 2*i - 22 = -3*z, -2*z + 17 - 7 = -i. What is the greatest common divisor of 6 and z?
6
Suppose -2*t = 6*t - 168. Calculate the greatest common factor of t and 3.
3
Let h be 12 - (-5 + 3 + -1). What is the greatest common divisor of h and 45?
15
Suppose 0 = -l + b + 26, 5*b = l - 25 - 1. Let j = -6 + 19. Calculate the greatest common divisor of l and j.
13
Let g be 3/(-6) + (-2)/4. Let p be (36/(-16))/(g/44). Let k be 11 - (2 + 2 + -2). What is the highest common divisor of p and k?
9
Let f(b) = -b**3 - 6*b**2 - 2*b + 7. Let h be f(-6). Let w = h + -5. What is the greatest common factor of 56 and w?
14
Let k be 6 + -3 + 1 + 6. Suppose 0 = 5*j + g + 131, -4*g - 92 = 4*j - 0*j. Let h = j + 97. What is the highest common factor of k and h?
10
Let j(c) = 5*c + 3. Let g be j(2). Suppose -2*d + 34 = -148. Calculate the greatest common factor of d and g.
13
Suppose -62 = -2*t - 0. Let b = t - 12. Calculate the greatest common divisor of b and 190.
19
Let w(l) = l**3 - 3*l**2 - 4*l + 2. Let b be w(4). Suppose 2 = -4*z - b. Let p be -18*(z - (-1)/3). What is the greatest common factor of 96 and p?
12
Let n = 180 - 173. Suppose -t = -2*t + x + 5, 2*x - 32 = -5*t. Let z(r) = 14*r - 7. Let d be z(t). Calculate the highest common divisor of n and d.
7
Let o(t) be the first derivative of 2*t**2 - t - 3. Let u be o(10). Let i = -3 - -29. What is the highest common factor of u and i?
13
Suppose 3*a = -v + 156, -5*a + 260 = -3*v + 2*v. Suppose a = 3*w - 8. What is the highest common factor 